{"id":5566,"date":"2024-12-12T15:02:12","date_gmt":"2024-12-12T15:02:12","guid":{"rendered":"https:\/\/klimabrands.dk\/portasplit\/vare\/yleispidike-portasplitille\/"},"modified":"2025-02-18T09:05:52","modified_gmt":"2025-02-18T09:05:52","slug":"yleispidike-portasplitille","status":"publish","type":"product","link":"https:\/\/klimabrands.dk\/portasplit\/vare\/yleispidike-portasplitille\/?lang=fi","title":{"rendered":"Yleispidike PortaSplitille"},"content":{"rendered":"","protected":false},"excerpt":{"rendered":"<p>Yleiskannattimen avulla PortaSplit-ilmastointilaite voidaan asentaa kattoikkunoihin ja ranskalaisiin parvekkeisiin. Yleisk\u00e4ytt\u00f6inen pidike voidaan muuntaa kulloiseenkin sovellukseen muutamalla toimenpiteell\u00e4. Kaikki tarvittavat osat ovat mukana.<\/p>\n<p>Asennuksessa ei tarvita porausta tai muita ty\u00f6kaluja. Kiinnit\u00e4 pidike, kirist\u00e4 kiinnitys ja olet valmis.<\/p>\n<p>N<strong>opea, helppo asennus<\/strong> Ei tarvita teknikkoa, ei porausta<\/p>\n","protected":false},"featured_media":5499,"template":"","meta":{"_monsterinsights_skip_tracking":false,"_monsterinsights_sitenote_active":false,"_monsterinsights_sitenote_note":"","_monsterinsights_sitenote_category":0},"product_brand":[],"product_cat":[84],"product_tag":[],"class_list":{"0":"post-5566","1":"product","2":"type-product","3":"status-publish","4":"has-post-thumbnail","6":"product_cat-tarvikkeet","8":"first","9":"instock","10":"taxable","11":"shipping-taxable","12":"purchasable","13":"product-type-simple"},"aioseo_notices":[],"_links":{"self":[{"href":"https:\/\/klimabrands.dk\/portasplit\/wp-json\/wp\/v2\/product\/5566","targetHints":{"allow":["GET"]}}],"collection":[{"href":"https:\/\/klimabrands.dk\/portasplit\/wp-json\/wp\/v2\/product"}],"about":[{"href":"https:\/\/klimabrands.dk\/portasplit\/wp-json\/wp\/v2\/types\/product"}],"wp:featuredmedia":[{"embeddable":true,"href":"https:\/\/klimabrands.dk\/portasplit\/wp-json\/wp\/v2\/media\/5499"}],"wp:attachment":[{"href":"https:\/\/klimabrands.dk\/portasplit\/wp-json\/wp\/v2\/media?parent=5566"}],"wp:term":[{"taxonomy":"product_brand","embeddable":true,"href":"https:\/\/klimabrands.dk\/portasplit\/wp-json\/wp\/v2\/product_brand?post=5566"},{"taxonomy":"product_cat","embeddable":true,"href":"https:\/\/klimabrands.dk\/portasplit\/wp-json\/wp\/v2\/product_cat?post=5566"},{"taxonomy":"product_tag","embeddable":true,"href":"https:\/\/klimabrands.dk\/portasplit\/wp-json\/wp\/v2\/product_tag?post=5566"}],"curies":[{"name":"wp","href":"https:\/\/api.w.org\/{rel}","templated":true}]}}