{"id":4049,"date":"2024-12-05T10:53:52","date_gmt":"2024-12-05T10:53:52","guid":{"rendered":"https:\/\/portasplit.com\/?page_id=4049"},"modified":"2025-07-25T21:50:57","modified_gmt":"2025-07-25T21:50:57","slug":"salgs-og-leveringsbetingelser","status":"publish","type":"page","link":"https:\/\/klimabrands.dk\/portasplit\/salgs-og-leveringsbetingelser\/","title":{"rendered":"Salgs- og leveringsbetingelser\u00a0"},"content":{"rendered":"<h2 class=\"wp-block-heading\">Salgs- og leveringsbetingelser&nbsp;<img decoding=\"async\" width=\"45\" height=\"24\" src=\"https:\/\/klimabrands.dk\/wp-content\/uploads\/2024\/02\/27104-scaled.jpg\" alt=\"\" srcset=\"https:\/\/klimabrands.dk\/wp-content\/uploads\/2024\/02\/27104-scaled.jpg 2560w, https:\/\/klimabrands.dk\/wp-content\/uploads\/2024\/02\/27104-1536x811.jpg 1536w, https:\/\/klimabrands.dk\/wp-content\/uploads\/2024\/02\/27104-2048x1081.jpg 2048w, https:\/\/klimabrands.dk\/wp-content\/uploads\/2024\/02\/27104-640x338.jpg 640w, https:\/\/klimabrands.dk\/wp-content\/uploads\/2024\/02\/27104-960x507.jpg 960w, https:\/\/klimabrands.dk\/wp-content\/uploads\/2024\/02\/27104-1920x1080.jpg 1920w, https:\/\/klimabrands.dk\/wp-content\/uploads\/2024\/02\/27104-600x317.jpg 600w, https:\/\/klimabrands.dk\/wp-content\/uploads\/2024\/02\/27104-96x51.jpg 96w\"><\/h2><h5 class=\"wp-block-heading\"><strong>1. Definitioner<\/strong><\/h5><p>Medmindre andet fremg\u00e5r af teksten, skal de nedenfor anf\u00f8rte definitioner v\u00e6re g\u00e6ldende i n\u00e6rv\u00e6rende Salgs- og leveringsbetingelser: \u201dKunden\u201d st\u00e5r for det selskab eller virksomhed, som har afgivet en ordre til Klimabrands A\/S. \u201dKB\u201d st\u00e5r for Klimabrands A\/S, CVR-nr. 33771622. \u201dSalgs- og leveringsbetingelser\u201d st\u00e5r for n\u00e6rv\u00e6rende salgs- og leveringsbetingelser inklusive Garantibestemmelser (<a href=\"https:\/\/klimabrands.dk\/garantibestemmelser\/\">https:\/\/klimabrands.dk\/garantibestemmelser\/<\/a>) \u2013 som udg\u00f8r en integreret del af Salgs- og leveringsbetingelserne. \u201dProdukt\u201d st\u00e5r for et af KB\u2019s produkter. \u201dSkaffevarer\u201d st\u00e5r for ikke-lagerf\u00f8rte produkter hos KB, som er fremstillet specielt efter kundens \u00f8nsker. \u201dTill\u00e6g\u201d st\u00e5r for de til enhver tid g\u00e6ldende till\u00e6g for levering af Produkter mv., herunder fragt omkostninger. \u201dDirekte leverancer\u201d st\u00e5r for levering af Produkter direkte fra KB til slutkunden<\/p><h5 class=\"wp-block-heading\"><strong>2. Gyldighed<\/strong><\/h5><p>N\u00e6rv\u00e6rende Salgs- og leveringsbetingelser er g\u00e6ldende for alle afgivne tilbud vedr\u00f8rende salg og levering af Produkter fra KB, medmindre andet er skriftligt aftalt. N\u00e6rv\u00e6rende Salgs- og leveringsbetingelser er g\u00e6ldende b\u00e5de i forhold til KB\u2019s levering af Produkter til Kunden og i forhold til Direkte leverancer.<\/p><h5 class=\"wp-block-heading\"><strong>3. Produktinformation<\/strong><\/h5><p>Produktinformationer s\u00e5som priser, billeder, tegninger, specifikationer og lignende, samt andre informationer i KB\u2019s kataloger og andet salgsmateriale eller i andre medier, herunder KB\u2019s hjemmeside, skal ikke betragtes som juridisk bindende, men som vejledende. KB kan ikke garantere eller st\u00e5 inde for, at Produktet egner sig til kundens behov. Derfor er Kunden selv ansvarlig for at sikre, at Produktet egner sig til behovet og opfylde de n\u00f8dvendige krav.<\/p><h5 class=\"wp-block-heading\"><strong>4. Produktopdatering<\/strong><\/h5><p>KB forbeholder sig retten til at opdatere produktdesign og -specifikationer uden forudg\u00e5ende varsel, for at forbedre produkter.<\/p><h5 class=\"wp-block-heading\"><strong>5. Levering og risikoens overgang<\/strong><\/h5><p>Ved leveringen af Produktet, foretaget af et fragtfirma udpeget af KB, overg\u00e5r risikoen for Produktets h\u00e6ndelige undergang ved leveringen til den aftalte leveringsadresse. Medmindre andet er aftalt, betaler Kunden et n\u00e6rmere fastsat Till\u00e6g for levering af Produktet. Leveringen er betinget af, at afl\u00e6sningsstedet er tilg\u00e6ngeligt ad farbar vej. Kunden er ansvarlig for, at der kan ske omg\u00e5ende afl\u00e6sning p\u00e5 den aftalte leveringsadresse. Kunden afholder eventuelle meromkostninger, s\u00e5fremt afl\u00e6sning ikke kan ske som forventet. Ved leveringen af Produktet, foretaget af et andet fragtfirma end udpeget af KB overg\u00e5r risikoen for Produktets h\u00e6ndelige undergang ved afhentning af Produktet fra KB\u2019s lager. KB forbeholder sig retten til at foretage delleverancer. Vedr\u00f8rer ordren Produkter, som p\u00e5 ordredatoen ikke er p\u00e5 KB\u2019s lager, vil KB inden rimelig tid underrette Kunden herom, samt oplyse hvorn\u00e5r levering forventes at kunne ske. I forbindelse med leveringen skal Kunden straks foretage en passende unders\u00f8gelse af det leverede Produkt. Hvis Kunden vil p\u00e5ber\u00e5be sig, at det leverede Produkt har en synlig skade, skal Kunden straks og senest p\u00e5 leveringsdagen give KB meddelelse herom. Hvis Kunden i forbindelse med leveringen af Produktet har kvitteret p\u00e5 et fragtbrev uden anm\u00e6rkninger, er det ikke muligt at klage over, at Produktet havde en synlig skade ved leveringen. Hvis Kunden vil p\u00e5ber\u00e5be sig, at det leverede Produkt havde en usynlig skade ved leveringen, skal Kunden senest 5 dage fra leveringen af Produktet give meddelelse herom til KB. Hvis Kunden vil klage over fejllevering, skal Kunden senest 5 dage fra leveringen give meddelelse herom til KB.<\/p><h5 class=\"wp-block-heading\"><strong>6. Emballage<\/strong><\/h5><p>Kunden m\u00e5 ikke \u00e6ndre, fjerne eller slette Produktets etikettering eller originalemballering og slette advarsler, m\u00e6rkning, meddelelser eller kendetegn, som udg\u00f8r en del af eller er anf\u00f8rt p\u00e5 Produktet eller Produktets emballage.<\/p><h5 class=\"wp-block-heading\"><strong>7. Priser<\/strong><\/h5><p>Alle priser er angivet i enten danske kroner eller euro og er eksklusive moms og ab lager.<\/p><h5 class=\"wp-block-heading\"><strong>8. Betaling<\/strong><\/h5><p>Betalingsbetingelserne er netto kontant uden fradrag af nogen art, medmindre andet er aftalt. Betaler Kunden ikke det fulde bel\u00f8b rettidigt, kan KB fra forfaldsdatoen opkr\u00e6ve rente if\u00f8lge renteloven + opkr\u00e6vningsgebyr p\u00e5 100 kr.<\/p><h5 class=\"wp-block-heading\"><strong>9. Returnering<\/strong><\/h5><p>Kunden kan undtagelsesvis returnere k\u00f8bte produkter inden for 8 dage. Dette er forudsat at Produktet ikke er Skaffevarer og er i ubeskadiget stand og returneres i original emballage.<\/p><h5 class=\"wp-block-heading\"><strong>10. Garanti<\/strong><\/h5><p>Som producent af Produktet yder KB en garanti i henhold til vilk\u00e5r n\u00e6rmere beskrevet i Bilag 1.<\/p><h5 class=\"wp-block-heading\"><strong>11. Mangler og reklamation<\/strong><\/h5><p>Hvis Kunden vil p\u00e5ber\u00e5be sig en mangel ved Produktet, som Kunden har eller burde have opdaget, skal Kunden straks og senest 5 dage fra leveringen af Produktet give KB meddelelse herom samt anf\u00f8re, hvori manglen best\u00e5r. Det er Kunden, der har bevisbyrden for, at den mangel, som Kunden p\u00e5ber\u00e5ber sig ved Produktet, var til stede p\u00e5 tidspunktet for leveringen af Produktet til Kunden. Afhj\u00e6lpning af mangler ved Produktet vil efter KB\u2019s valg ske enten ved udbedring af manglen eller ved omlevering. Kunden er ikke berettiget til at g\u00f8re yderligere mangelbef\u00f8jelser g\u00e6ldende, og Kunden er s\u00e5ledes ikke berettiget til erstatning eller godtg\u00f8relse for tab og omkostninger, som Kunden m\u00e5tte blive p\u00e5f\u00f8rt i forbindelse med udbedring eller omlevering, herunder omkostninger til montering og installering af det omleverede Produkt. Har Kunden ikke inden 12 m\u00e5neder efter leveringsdagen, p\u00e5ber\u00e5bt sig en eventuel mangel ved det leverede Produkt overfor KB, kan Kunden ikke senere g\u00f8re manglen g\u00e6ldende. For dele, der er udskiftet eller repareret, p\u00e5tager KB sig de samme forpligtelser, som g\u00e6lder for det oprindeligt solgte Produkt i et tidsrum af 12 m\u00e5neder, dog s\u00e5ledes at KB\u2019s mangelansvar ikke for nogen del af det solgte Produkt kan udstr\u00e6kkes til mere end 18 m\u00e5neder fra det oprindelige leveringstidspunkt.<\/p><h5 class=\"wp-block-heading\"><strong>12. Ansvarsbegr\u00e6nsninger ved forsinkelse, mangler eller fejlleverancer<\/strong><\/h5><p>KB kan i intet tilf\u00e6lde g\u00f8res ansvarlig for driftstab, avancetab eller andre indirekte tab og f\u00f8lgeskader, herunder konventionalbodsbetalinger eller betaling af andre b\u00f8der, i anledning af forsinkelse eller mangler ved det solgte Produkt, medmindre KB har handlet fors\u00e6tligt eller groft uagtsomt. Det samme g\u00e6lder i forhold til fejlleverancer, som kan henf\u00f8res direkte til KB. Det samme g\u00e6lder endvidere i relation til KB\u2019s forsinkelse i forhold til levering af en eller flere af Kunden tilk\u00f8bte Serviceydelser. KB\u2019s samlede erstatningsansvar kan i intet tilf\u00e6lde overstige Produktets pris eksklusive moms. Forandring af eller indgreb i det solgte Produkt uden KB\u2019s skriftlige samtykke fritager KB for enhver forpligtelse i forhold til Produktet. S\u00e5fremt Kunden berettiget annullerer ordren som f\u00f8lge af en v\u00e6sentlig mangel eller v\u00e6sentlig forsinkelse og foretager k\u00f8b af et produkt svarende til Produktet, kan Kunden kr\u00e6ve sine direkte og dokumenterbare omkostninger ved anskaffelse af det tilsvarende produkt fra en anden leverand\u00f8r d\u00e6kket af KB, som dog i intet tilf\u00e6lde kan overstige 15 % af prisen eksklusive moms for det mangelfulde eller forsinkede Produkt. Kunden har herudover ikke ret til nogen anden erstatning i anledning af annulleringen af ordren, herunder transportomkostninger eller lignende. F\u00f8lgende omst\u00e6ndigheder (force majeure) medf\u00f8rer ansvarsfrihed for KB, s\u00e5fremt de forhindrer levering af Produktet: Arbejdskonflikt, strejke, lockout og enhver anden omst\u00e6ndighed, som parterne ikke har kontrol over, s\u00e5som brand, krig, mobilisering eller uforudsete milit\u00e6rindkaldelser af tilsvarende omfang, rekvirering, beslagl\u00e6ggelse, valutarestriktioner, opr\u00f8r og uroligheder, us\u00e6dvanligt vejr og naturkatastrofer, herunder vulkanudbrud og skybrud, sygdomsudbrud af alvorlig karakter, mangel p\u00e5 transportmidler, almindelig vareknaphed, restriktioner af drivkraft samt mangler ved eller forsinkelse af leverancer fra leverand\u00f8rer, som skyldes nogen af de i dette punkt n\u00e6vnte omst\u00e6ndigheder. Omst\u00e6ndigheder som n\u00e6vnt, der var indtruffet inden tilbuddets afgivelse\/ordres indg\u00e5else, medf\u00f8rer kun ansvarsfrihed, s\u00e5fremt deres indflydelse p\u00e5 ordrens opfyldelse ikke kunne forudses p\u00e5 dette tidspunkt. KB skal inden rimelig tid skriftligt at underrette Kunden, dersom der indtr\u00e6ffer omst\u00e6ndigheder.<\/p><p>S\u00e5fremt forsinkelse ved levering skyldes force majeure, udskydes leveringstiden med den tid, som hindringen varer, idet begge parter dog skal v\u00e6re berettiget til ansvarsfrit at annullere ordren om levering af Produktet, n\u00e5r hindringen har varet i mere end 3 m\u00e5neder. N\u00e6rv\u00e6rende bestemmelse tr\u00e6der i kraft, uanset om \u00e5rsagen til forsinkelsen indtr\u00e6ffer f\u00f8r eller efter udl\u00f8bet af den aftalte leveringstid.<\/p><h5 class=\"wp-block-heading\"><strong>13. Produktansvar<\/strong><\/h5><p>For produktansvar g\u00e6lder de til enhver g\u00e6ldende regler i dansk ret med de ansvarsbegr\u00e6nsninger, der f\u00f8lger af n\u00e6rv\u00e6rende Salgs- og leveringsbetingelser. KB kan kun ifalde ansvar for personskade for\u00e5rsaget af et Produkt, hvis det kan bevises, at skaden er en f\u00f8lge af undladelse eller uagtsomhed udvist af KB eller andre, som KB er ansvarlig for. KB er ikke ansvarlig for eventuel skade p\u00e5 fast ejendom eller l\u00f8s\u00f8re for\u00e5rsaget af et Produkt, efter levering er sket. KB er heller ikke ansvarlig for eventuel skade p\u00e5 produkter, som er fremstillet af eller opbevares hos Kunden, eller p\u00e5 Kundens produkter, hvori et Produkt indg\u00e5r. KB er ikke ansvarlig for driftstab, avancetab eller andre indirekte tab eller f\u00f8lgeskader, herunder konventionalbodsbetalinger eller betaling af andre b\u00f8der, i anledning af et defekt Produkt, medmindre Kunden kan dokumentere, at KB har handlet groft uagtsomt eller fors\u00e6tligt. Kunden skal friholde KB for ethvert erstatningskrav vedr\u00f8rende produktansvar fremsat af tredjemand mod KB, i det omfang KB i henhold til disse Salgs- og leveringsbetingelser ikke er ansvarlig overfor Kunden.<\/p><h5 class=\"wp-block-heading\"><strong>14. Overdragelse af rettigheder og pligter<\/strong><\/h5><p>KB er berettiget til at overdrage samtlige rettigheder og pligter i forhold til opfyldelse af en ordre til tredjemand uden Kundens accept.<\/p><h5 class=\"wp-block-heading\"><strong>15. \u00c6ndringer<\/strong><\/h5><p>KB forbeholder sig retten til at \u00e6ndre disse Salgs- og leveringsbetingelser. Den til enhver tid g\u00e6ldende version af Salgs- og leveringsbetingelserne kan altid findes p\u00e5 www.klimabrands.dk<\/p><h5 class=\"wp-block-heading\"><strong>16. Lovvalg og v\u00e6rneting<\/strong><\/h5><p>Disse Salgs- og leveringsbetingelser er underlagt dansk ret, idet der dog skal ses bort fra de danske internationale privatretlige regler og de Forenede Nationers konvention om aftaler om internationale k\u00f8b (CISG). Enhver tvist, som m\u00e5tte opst\u00e5 i parternes samhandelsforhold, som reguleret ved n\u00e6rv\u00e6rende Salgs og Leveringsbetingelser, og som ikke kan l\u00f8ses i mindelighed, skal indbringes for Retten i Hj\u00f8rring, Danmark.<\/p><h5 class=\"wp-block-heading\"><strong>17. Forudbestillinger (Preorders \/ Restordre bestillinger)<\/strong><\/h5><p><strong>Definition og betaling<\/strong><br>Ved forudbestilling (preorder\/restordre) bestiller du en vare, som endnu ikke er p\u00e5 lager eller endnu ikke er officielt lanceret. Betaling for forudbestilte varer tr\u00e6kkes <strong>umiddelbart<\/strong> efter, at ordren er gennemf\u00f8rt, for at sikre din reservation af varen.<\/p><p><strong>Forventet levering<\/strong><br>Den forventede leveringsdato vil fremg\u00e5 p\u00e5 produktsiden. Vi bestr\u00e6ber os p\u00e5 at overholde den angivne dato, men der kan forekomme forsinkelser fra producentens side eller under transporten. I tilf\u00e6lde af v\u00e6sentlige forsinkelser meddeler vi dig hurtigst muligt.<\/p><p><strong>Fortrydelsesret (14 dage)<\/strong><br>Du har i henhold til g\u00e6ldende EU-lovgivning 14 dages fortrydelsesret. Denne frist l\u00f8ber fra den dag, du <strong>modtager<\/strong> varen (ikke fra bestillingsdatoen). Hvis du \u00f8nsker at ud\u00f8ve din fortrydelsesret, skal du kontakte os inden fortrydelsesfristen og returnere varen i ubeskadiget stand. Eventuel refundering vil ske inden for 14 dage fra den dag, vi modtager varen retur eller modtager dokumentation for, at varen er afsendt.<\/p><p><strong>Ret til annullering ved forsinket levering<\/strong><br>Hvis leveringsdatoen rykkes v\u00e6sentligt, har du ret til at annullere din forudbestilling og f\u00e5 det fulde bel\u00f8b refunderet. Vi giver besked, hvis en s\u00e5dan forsinkelse opst\u00e5r, og tilbagef\u00f8rer hurtigst muligt dine penge ved en eventuel annullering.<\/p><p><strong>Kontakt og support<\/strong><br>Har du sp\u00f8rgsm\u00e5l til din forudbestilling, levering eller \u00f8nsker du at fortryde k\u00f8bet, kan du kontakte vores kundeservice. Vi bestr\u00e6ber os p\u00e5 at svare inden for 24 timer.<\/p>","protected":false},"excerpt":{"rendered":"<p>Salgs- og leveringsbetingelser&nbsp; 1. Definitioner Medmindre andet fremg\u00e5r af teksten,<\/p>\n<div class=\"read-more-wrapper\"><a class=\"more-link read-more-link\" href=\"https:\/\/klimabrands.dk\/portasplit\/salgs-og-leveringsbetingelser\/\">Read More<\/a><\/div>\n","protected":false},"author":1,"featured_media":0,"parent":0,"menu_order":0,"comment_status":"closed","ping_status":"closed","template":"","meta":{"_monsterinsights_skip_tracking":false,"_monsterinsights_sitenote_active":false,"_monsterinsights_sitenote_note":"","_monsterinsights_sitenote_category":0,"footnotes":""},"class_list":["post-4049","page","type-page","status-publish","hentry"],"aioseo_notices":[],"_links":{"self":[{"href":"https:\/\/klimabrands.dk\/portasplit\/wp-json\/wp\/v2\/pages\/4049","targetHints":{"allow":["GET"]}}],"collection":[{"href":"https:\/\/klimabrands.dk\/portasplit\/wp-json\/wp\/v2\/pages"}],"about":[{"href":"https:\/\/klimabrands.dk\/portasplit\/wp-json\/wp\/v2\/types\/page"}],"author":[{"embeddable":true,"href":"https:\/\/klimabrands.dk\/portasplit\/wp-json\/wp\/v2\/users\/1"}],"replies":[{"embeddable":true,"href":"https:\/\/klimabrands.dk\/portasplit\/wp-json\/wp\/v2\/comments?post=4049"}],"version-history":[{"count":3,"href":"https:\/\/klimabrands.dk\/portasplit\/wp-json\/wp\/v2\/pages\/4049\/revisions"}],"predecessor-version":[{"id":6179,"href":"https:\/\/klimabrands.dk\/portasplit\/wp-json\/wp\/v2\/pages\/4049\/revisions\/6179"}],"wp:attachment":[{"href":"https:\/\/klimabrands.dk\/portasplit\/wp-json\/wp\/v2\/media?parent=4049"}],"curies":[{"name":"wp","href":"https:\/\/api.w.org\/{rel}","templated":true}]}}