{"id":4047,"date":"2024-12-05T10:53:08","date_gmt":"2024-12-05T10:53:08","guid":{"rendered":"https:\/\/portasplit.com\/?page_id=4047"},"modified":"2024-12-05T10:53:09","modified_gmt":"2024-12-05T10:53:09","slug":"garantibestemmelser","status":"publish","type":"page","link":"https:\/\/klimabrands.dk\/portasplit\/garantibestemmelser\/","title":{"rendered":"Garantibestemmelser\u00a0"},"content":{"rendered":"<h2 class=\"wp-block-heading\">Garantibestemmelser&nbsp;<img decoding=\"async\" width=\"45\" height=\"24\" src=\"https:\/\/klimabrands.dk\/wp-content\/uploads\/2024\/02\/27104-scaled.jpg\" alt=\"\" srcset=\"https:\/\/klimabrands.dk\/wp-content\/uploads\/2024\/02\/27104-scaled.jpg 2560w, https:\/\/klimabrands.dk\/wp-content\/uploads\/2024\/02\/27104-1536x811.jpg 1536w, https:\/\/klimabrands.dk\/wp-content\/uploads\/2024\/02\/27104-2048x1081.jpg 2048w, https:\/\/klimabrands.dk\/wp-content\/uploads\/2024\/02\/27104-640x338.jpg 640w, https:\/\/klimabrands.dk\/wp-content\/uploads\/2024\/02\/27104-960x507.jpg 960w, https:\/\/klimabrands.dk\/wp-content\/uploads\/2024\/02\/27104-1920x1080.jpg 1920w, https:\/\/klimabrands.dk\/wp-content\/uploads\/2024\/02\/27104-600x317.jpg 600w, https:\/\/klimabrands.dk\/wp-content\/uploads\/2024\/02\/27104-96x51.jpg 96w\"><\/h2><p><strong>F\u00f8lgende vilk\u00e5r er g\u00e6ldende for den garanti (\u201dGarantien\u201d), som ydes af Klimabrands A\/S (\u201dKB\u201d):<\/strong><\/p><p><strong>1. Definitioner:<\/strong><\/p><p>Medmindre andet fremg\u00e5r af teksten, skal definitionerne angivet i KB\u2019s Salgs- og leveringsbetingelser v\u00e6rende g\u00e6ldende i n\u00e6rv\u00e6rende Garanti.<\/p><p><strong>2. Anvendelsesomr\u00e5de:<\/strong><\/p><p>2.1 Garantien omfatter KB\u2019s produkter, som er k\u00f8bt af KB\u00b4s direkte forhandlere (\u201dForhandler\u201d), og som er eller bliver installeret\/anvendt hos private forbrugere. Garantien ydes alene til fordel for forhandleren (KB\u2019s direkte aftalepart) og kan s\u00e5ledes ikke p\u00e5ber\u00e5bes af forhandlerens aftalepart (herunder Slutkunden) eller anden tredjemand \u2013 ej heller ved Installat\u00f8rens konkurs, eller s\u00e5fremt forhandleren undergives rekonstruktionsbehandling.<br>Garanti bortfalder ved kommerciel brug.<\/p><p>2.2 Garantien g\u00e6lder i 2 \u00e5r fra det tidspunkt hvor produktet s\u00e6lges\/installeres til\/hos Slutkunden, produktet skal dog installeres senest 3 m\u00e5neder efter at det er solgt til forhandleren.<\/p><p>2.3 For varmepumper med udvidet garanti g\u00e6lder garantien i 5 \u00e5r fra det tidspunkt hvor varmepumpen installeres hos slutkunden, varmepumpen skal dog installeres senest 3 m\u00e5neder efter at den er solgt til forhandleren.<\/p><p>2.4 Garantien g\u00e6lder alene for Luft\/vand varmepumper, der er registreret p\u00e5 KB\u2019s hjemmeside senest 2 uger efter installation hos Slutkunden eller som er installeret af KB\u2019s servicepartnere.<\/p><p>2.5 Garantien omfatter alene produkter, der er installeret hos en Slutkunde i Norden (Danmark, Sverige, Norge &amp; Finland) (kun brofaste \u00f8er).<\/p><p>2.6 KB kan til enhver tid \u00e6ndre garantivilk\u00e5rene og tilbagekalde Garantien. Enhver \u00e6ndring eller tilbagekaldelse af Garantien har virkning fra tidspunktet for offentligg\u00f8relsen af \u00e6ndringen eller tilbagekaldelsen p\u00e5 KB\u2019s hjemmeside (www.klimabrands.dk) og omfatter produkter bestilt efter dette tidspunkt.<\/p><p><strong>3. Garanti:<\/strong><\/p><p>3.1 Garantien d\u00e6kker (s\u00e5fremt betingelserne for garantien som n\u00e6rmere beskrevet i afsnit 4 er opfyldt) fabrikationsfejl og materialefejl p\u00e5 produkter, som viser sig i garantiperioden og som er opst\u00e5et under normal drift.<\/p><p>3.2 I tilf\u00e6lde af fabrikationsfejl og materialefejl der er omfattet af garantien, vil KB \u2013 efter KB\u2019s eget valg \u2013 enten reparere og\/eller udskifte reservedele eller ombytte produktet. Garantien d\u00e6kker ikke omkostninger som f\u00f8lge af at pladsforholdene g\u00f8r arbejdet s\u00e6rlig vanskeligt eller omkostninger til udstyr som f.eks. kran, lift, stillads, etc. Garantiarbejdet skal udf\u00f8res af en installat\u00f8r, som er valgt af KB. Udbedringsarbejde som er udf\u00f8rt uden foreg\u00e5ende aftale med KB, er ikke d\u00e6kket af garantien og erstattes ikke af KB. Plug&amp;Play produkter repareres aldrig hos slutkunden men returneres til KB\u2019s v\u00e6rksted i DK-9900 Frederikshavn efter godkendelse fra KB.<br>Reparation, udskiftning af dele eller ombytning udl\u00f8ser ikke automatisk ny garantiperiode.<\/p><p>3.3 Garantien giver ikke forhandleren andre rettigheder end anf\u00f8rt i denne Garanti, og forhandleren kan ikke rette krav mod KB af nogen art, herunder krav om forholdsm\u00e6ssigt afslag, erstatning, herunder erstatning af omkostninger til el, fejls\u00f8gning, dagbod eller lignende. Det pr\u00e6ciseres, at Garantien alene ydes til fordel for forhandleren (KB\u2019s direkte aftalepart), som n\u00e6rmere beskrevet i punkt 2.2, hvorefter Slutkunden eller tredjemand i \u00f8vrigt ej heller kan rette krav mod KB af nogen art.<\/p><p>3.4 Hvis det under garantiarbejdet viser sig, at fejlen p\u00e5 produktet ikke er d\u00e6kket af Garantien, men skyldes fejlagtig montage, h\u00e5ndtering, anvendelse, manglende reng\u00f8ring, manglende vedligeholdelse eller lignende, og ved udkald i anledning af forhandlerens uvilje til selv at fors\u00f8ge at genstarte produktet efter anvisninger fra teknisk support, faktureres den person\/virksomhed som har oprettet sagen hos KB, for den anvendte tid i forbindelse med udkald, fejlfinding, reparation og\/eller udskiftning, til KB\u2019s g\u00e6ldende timetakst p\u00e5 950dkr ex moms plus k\u00f8rsel og materialeforbrug.<\/p><p>3.5 Garantien g\u00e6lder ikke, hvis fejl ved produktet skyldes:<\/p><ul class=\"wp-block-list\"><li>Udefrakommende forhold, fremmede elementer;<\/li>\n\n<li>\u00c6ndringer eller tilf\u00f8jelser til produktet;<\/li>\n\n<li>Forkert brug, forkert installation, fejlops\u00e6tning i produkters styring;<\/li>\n\n<li>H\u00e6rv\u00e6rk, fors\u00f8mmelse;<\/li>\n\n<li>Vi yder ikke overfladegaranti p\u00e5 vores produkter, hvis de har v\u00e6ret anvendt i kystn\u00e6re omr\u00e5der.<br>Kystn\u00e6re omr\u00e5der defineres som typisk 10 km fra kysten \u2013 i s\u00e6rlige tilf\u00e6lde kan det dog v\u00e6re helt op til 25 km fra kysten pga. vindforhold.<\/li>\n\n<li>Utilstr\u00e6kkeligt netv\u00e6rk, fejl p\u00e5 router eller udfordringer forbundet med app;<\/li>\n\n<li>Fejl der skyldes forhold ved eller fejl p\u00e5 bygningens elinstallation, r\u00f8rinstallation, r\u00f8rst\u00f8rrelse p\u00e5 vandr\u00f8r, gulvvarme, radiator st\u00f8rrelse etc.;<\/li>\n\n<li>Sammenkobling eller installation af produkter med andre varmegivere som f.eks. solvarme, eksterne styringer, pumper og lignende, der ikke er beregnet til form\u00e5let;<\/li>\n\n<li>Storm, frost, korrosion, lyn, oversp\u00e6nding, jordsk\u00e6lv, h\u00f8jvande, hagl, jordskred, oversv\u00f8mmelse, eksplosion, brand og force majeure i \u00f8vrigt.<\/li>\n\n<li>Specifikt robotst\u00f8vsuger som ikke er rengjort j\u00e6vnligt for h\u00e5r og partikler som begr\u00e6nser bev\u00e6gelse af hjul og herunder motoren.<\/li><\/ul><p>3.6 F\u00f8lgende forhold betragtes ikke som fabrikationsfejl eller materialefejl, og er derfor ikke d\u00e6kket af garantien:<\/p><ul class=\"wp-block-list\"><li>Manglende k\u00f8lemiddel p\u00e5 produkter med k\u00f8lemiddel.<\/li>\n\n<li>Visuelle forringelser, som er indtr\u00e5dt efter levering.<\/li>\n\n<li>Dele, der m\u00e5 betragtes som almindelige sliddele, herunder filtre, ventiler, f\u00f8ler herunder mekanisk f\u00f8ler, varmeveksler, cirkulationspumpe, styringer herunder mekanisk rel\u00e6, motor herunder bl\u00e6sermotor og lignende dele.<\/li><\/ul><p><strong>4. Betingelser for garanti:<\/strong><\/p><p>4.1 KB har til brug for levering af luft til vand varmepumper udarbejdet en afleveringsrapport i blanketform. Denne afleveringsrapport skal v\u00e6re udfyldt ved aflevering af installationen til Slutkunden. Afleveringsrapporten skal opbevares af Slutkunden, eventuelt med kopi hos Installat\u00f8ren.<\/p><p>4.2 Produkter skal v\u00e6re installeret af en autoriseret- og certificeret k\u00f8le installat\u00f8r og den g\u00e6ldende lovgivning skal f\u00f8lges. Det relevante principdiagram f\u00f8lges, se punkt 3.4. Alt el-arbejde i forbindelse med installationen skal v\u00e6re udf\u00f8rt af autoriseret el-installat\u00f8r og alt VVS-arbejde skal v\u00e6re udf\u00f8rt af autoriseret VVS-installat\u00f8r.<br>Som dokumentation kr\u00e6ves installationsfaktura for montagen for b\u00e5de luft\/luft og luft\/vand varmepumper, s\u00e5vel som \u00f8vrige installations produkter.<\/p><p>4.3 Produkter skal serviceres af en af KB godkendt autoriseret- og certificeret k\u00f8le installat\u00f8r og v\u00e6re i overensstemmelse med g\u00e6ldende lovgivning. KB har udarbejdet en formular til servicerapport, som kan rekvireres ved henvendelse til KB, som skal udfyldes i forbindelse med serviceringen af luft\/vand varmepumper. KB kr\u00e6ver i forhold til denne garanti, at alle luft\/vand varmepumper, uanset fyldningsm\u00e6ngde, serviceres mindst \u00e9n gang om \u00e5ret.<\/p><p>4.4 S\u00e5fremt ovenst\u00e5ende betingelser i punkt 4.1 til 4.3 for Garantien ikke er opfyldt, bortfalder Garantien, og der kan i den forbindelse ikke g\u00f8res nogen form for krav g\u00e6ldende overfor KB.<\/p><p><strong>5. P\u00e5ber\u00e5belse af garantien:<\/strong><\/p><p>5.1 Meddelelse i forbindelse med p\u00e5ber\u00e5belse af garantien skal sendes ind via &nbsp;https:\/\/klimabrands.dk\/rma\/, i garantiperioden og straks efter at fejlen er opdaget. Andre henvendelser vil ikke blive h\u00e5ndteret.<\/p><p>5.2 Meddelelsen i henhold til punkt 5.1 skal v\u00e6re ledsaget af original salgsfaktura, for luft til vand varmepumper bevis for udfyldt Afleveringsrapport i henhold til punkt 4.1. Ligeledes skal meddelelsen i henhold til punkt 5.1 ogs\u00e5 v\u00e6re ledsaget af kopi(er) af servicerapport, hvis luft\/vand varmepumpen er \u00e6ldre end 1 \u00e5r, jf. punkt 4.3.<\/p><p>5.3 KB kan afvise en reklamation, hvis fejlen er utilstr\u00e6kkeligt beskrevet eller der ikke medf\u00f8lger relevant dokumentation.<\/p><p><strong>6. Lovvalg og v\u00e6rneting:<\/strong><\/p><p>6.1 Garantien er underlagt samme bestemmelser vedr\u00f8rende lovvalg og v\u00e6rneting, som g\u00f8r sig g\u00e6ldende for Salgs- og leveringsbetingelserne, jf. punkt 16 i Salgs- og leveringsbetingelserne.<\/p>","protected":false},"excerpt":{"rendered":"<p>Garantibestemmelser&nbsp; F\u00f8lgende vilk\u00e5r er g\u00e6ldende for den garanti (\u201dGarantien\u201d), som<\/p>\n<div class=\"read-more-wrapper\"><a class=\"more-link read-more-link\" href=\"https:\/\/klimabrands.dk\/portasplit\/garantibestemmelser\/\">Read More<\/a><\/div>\n","protected":false},"author":1,"featured_media":0,"parent":0,"menu_order":0,"comment_status":"closed","ping_status":"closed","template":"","meta":{"_monsterinsights_skip_tracking":false,"_monsterinsights_sitenote_active":false,"_monsterinsights_sitenote_note":"","_monsterinsights_sitenote_category":0,"footnotes":""},"class_list":["post-4047","page","type-page","status-publish","hentry"],"aioseo_notices":[],"_links":{"self":[{"href":"https:\/\/klimabrands.dk\/portasplit\/wp-json\/wp\/v2\/pages\/4047","targetHints":{"allow":["GET"]}}],"collection":[{"href":"https:\/\/klimabrands.dk\/portasplit\/wp-json\/wp\/v2\/pages"}],"about":[{"href":"https:\/\/klimabrands.dk\/portasplit\/wp-json\/wp\/v2\/types\/page"}],"author":[{"embeddable":true,"href":"https:\/\/klimabrands.dk\/portasplit\/wp-json\/wp\/v2\/users\/1"}],"replies":[{"embeddable":true,"href":"https:\/\/klimabrands.dk\/portasplit\/wp-json\/wp\/v2\/comments?post=4047"}],"version-history":[{"count":1,"href":"https:\/\/klimabrands.dk\/portasplit\/wp-json\/wp\/v2\/pages\/4047\/revisions"}],"predecessor-version":[{"id":4048,"href":"https:\/\/klimabrands.dk\/portasplit\/wp-json\/wp\/v2\/pages\/4047\/revisions\/4048"}],"wp:attachment":[{"href":"https:\/\/klimabrands.dk\/portasplit\/wp-json\/wp\/v2\/media?parent=4047"}],"curies":[{"name":"wp","href":"https:\/\/api.w.org\/{rel}","templated":true}]}}